ors of h(6).
3, 31, 73
Let s(g) = 1379*g - 1371. List the prime factors of s(20).
26209
Suppose 0 = -j - 2*s + 61967, -64*j - 61949 = -65*j - 4*s. List the prime factors of j.
5, 7, 11, 23
Let f(n) = 17*n + 3052. Let y be f(0). Suppose -y = -2*x + 2*r, 5*x + 0*x = -4*r + 7675. What are the prime factors of x?
1531
List the prime factors of (-57)/209 - (-546984)/33.
3, 5, 13, 17
Let p = -4 + 6. Suppose a - p = -t, 3*t - 18 = 4*t - 4*a. List the prime factors of (-4)/(-10)*(0 + (-470)/t).
2, 47
Let w = 9 - 4. Suppose 0 = -4*f + 6*f - 630. Suppose w*v + 33 - 363 = -4*d, 0 = -5*v - d + f. List the prime factors of v.
2, 31
Suppose -114*z + 1861102 + 1052510 = 0. List the prime factors of z.
2, 13, 983
Suppose -29*k + 130482 + 117044 = 30838. List the prime factors of k.
2, 467
Suppose -24331 = -3*q + 5*x, -12*q + 2*x + 40520 = -7*q. List the prime factors of q.
2, 4051
Let b(v) be the third derivative of 4/3*v**3 + 7/60*v**5 + 5/24*v**4 - 5*v**2 + 1/120*v**6 + 0 + 0*v. What are the prime factors of b(-6)?
2, 7
Let i be 2*((-21)/35)/(2/(-35)). Let k = -9 - i. Let v = k + 65. What are the prime factors of v?
5, 7
Let x(j) = -21*j**2 - 11*j + 4. Let z(i) = 10*i**2 + 6*i - 2. Let v(q) = 4*x(q) + 9*z(q). Let g be v(4). Let m = 245 - g. List the prime factors of m.
3, 37
Suppose 3*k + 33 = 14*k. Suppose -k*c + 35 = 5*j, -2*j = c + 4*c + 5. List the prime factors of (5/j + -1 + 1)*8.
2
Suppose -824664 = -29*o + 5*o. List the prime factors of o.
34361
Suppose 7*t - 31*t + 86088 = 0. Suppose 3*m - 4*d = 415 + t, 0 = 4*m + 3*d - 5336. What are the prime factors of m?
2, 23, 29
Let r(v) = 2*v**2 - 50*v - 842. List the prime factors of r(-42).
2, 2393
Let v = 81 - 78. Suppose -s = -2*u - 902, -v*s + 2*u = -0*s - 2714. Suppose 6*g - s = -0*g. What are the prime factors of g?
151
Let w be (-783)/2*((-184)/(-24) - 9). Let f = w - 390. What are the prime factors of f?
2, 3, 11
Suppose -38088 - 45635 + 375435 = 86*c. List the prime factors of c.
2, 53
Let i(b) = 7*b**3 + 6*b**2 - 5*b + 14. Let y(n) = -8*n**3 - 7*n**2 + 5*n - 15. Let c(r) = 7*i(r) + 6*y(r). List the prime factors of c(6).
2, 97
Suppose 0 = 5*d - u + 6320, 4*d - 4*u = -3*u - 5056. Let i = d - -2392. What are the prime factors of i?
2, 3, 47
Let f(x) = x**2 + x - 4. Let r be f(2). Suppose -r*d = 2*y + y - 251, -5*d - 25 = 0. What are the prime factors of y?
3, 29
Let c = -380 + 13178. What are the prime factors of c?
2, 3, 79
Let z(m) = 3*m**2 - 9*m - 8. Suppose 4*d + 48 = 4*n - 20, 0 = -4*d + 2*n - 72. List the prime factors of z(d).
2, 7, 89
Let b = 106 - 111. Let u(n) = 27*n**2 + 32*n. List the prime factors of u(b).
5, 103
Suppose -2*h + h = 4*m - 22, -5*h + 10 = 0. Suppose -2*v - 1 = -m*k, k = 6 - 3. List the prime factors of v.
7
Suppose -49*s = -11*s - 13674 - 735990. What are the prime factors of s?
2, 3, 137
Suppose -8 = 7*s - 78. Suppose 14*l = s*l + 2492. What are the prime factors of l?
7, 89
Suppose -5*i - 32 = -3*y, 5*y - y - 20 = i. Let k(t) = 3*t - 12. Let n be k(y). Let p(j) = -j**3 + 2*j**2 - 3*j + 282. List the prime factors of p(n).
2, 3, 47
Let v be ((-12)/(-10))/(18/3300). Suppose -v*h + 1700 = -216*h. What are the prime factors of h?
5, 17
Suppose -2*f + 3869 = 13*y - 16*y, 0 = -y + 3*f - 1299. Let i = 2288 + y. List the prime factors of i.
7, 11, 13
Let c = 2014 - 1078. Let o = c + -137. What are the prime factors of o?
17, 47
What are the prime factors of -7 - ((38/(-15))/19 - (-377998)/(-15))?
7, 59, 61
Let h(l) be the second derivative of -l**5/20 + 7*l**4/6 + 7*l**3/6 - 8*l**2 + 9*l. Let g be h(7). Suppose r + 3*r - g = 0. What are the prime factors of r?
2, 47
Suppose 32*f + 8632 - 30744 = 0. List the prime factors of f.
691
Let s = 17835 + 11995. What are the prime factors of s?
2, 5, 19, 157
Suppose 11*v - 1036 = 13*v. Let d = -316 - v. List the prime factors of d.
2, 101
Let z be (1628/176)/((-22)/24 + 1). Let u(o) = 87*o - 13 - z*o - 7 - o**2. What are the prime factors of u(-9)?
5, 23
Suppose -5*b + 13 = -3*t - 3, -2*t - 9 = -3*b. List the prime factors of (3 - (-1700)/(-15))*-1*t.
331
Let j = -46 + 194. Suppose -62 = -10*m + j. Let f = 37 + m. What are the prime factors of f?
2, 29
Suppose 515 = 6*q + 221. Let j = 30 - -11. Suppose z - q = j. What are the prime factors of z?
2, 3, 5
Let o = -52 + 143. Let v = -72 + o. Let y(l) = l**3 - 20*l**2 + 24*l + 13. What are the prime factors of y(v)?
2, 3
Let n = -26 - -20. Let h be (3 - -61)*3/n. Let q = -30 - h. What are the prime factors of q?
2
Let x = -7583 - -12467. What are the prime factors of x?
2, 3, 11, 37
Let a be 4/18 + (-1408)/(-144). Suppose 30 = 2*m + 2*h, 3*m - 39 = -a*h + 5*h. Suppose -13*d = -m*d + 345. List the prime factors of d.
3, 23
Suppose -7*j - 3 = -8*j. Let u be (2 - j)/(4/(-36)). Let b(r) = 5*r + 22. List the prime factors of b(u).
67
Let q(o) = -6*o - 62. Let l be q(-11). Let r be 6/(l - 7) + 3 + -3. List the prime factors of 74/(r - 25/(-10)).
2, 37
Suppose -3094 = -0*w + 14*w. Let g = w + 461. What are the prime factors of g?
2, 3, 5
Let f(t) = 2*t**2 + 44*t - 93. Let i be f(-24). Suppose 8*s + 2*p = 9*s - 787, i*s - 2326 = -p. List the prime factors of s.
3, 7, 37
What are the prime factors of 6 - 5/(360/372) - (-164593)/6?
7, 3919
Let s be (12 + -2)*4/5. Let l(o) be the third derivative of o**6/120 - 2*o**5/15 + o**4/8 + 4*o**3/3 + 266*o**2. What are the prime factors of l(s)?
2
What are the prime factors of ((-101950)/(-8))/(145/232)?
2, 5, 2039
Suppose x - 86*u - 4721 = -84*u, 0 = 4*x + 4*u - 18824. What are the prime factors of x?
7, 673
Suppose -3*v + 1679 = 5*p + 201, -4*p = 3*v - 1180. Suppose -182 = -4*k + p. What are the prime factors of k?
2, 3, 5
Suppose 46*z - 627717 = -43*z. What are the prime factors of z?
3, 2351
Suppose 101*u + 5*h + 3095 = 102*u, -h + 12485 = 4*u. List the prime factors of u.
2, 3, 5, 13
Suppose -2*j = 3*p - 139190, -j = 3*p - 11331 - 58270. What are the prime factors of j?
13, 53, 101
Let n = -69 - -69. Suppose n = -0*c + 2*c + 214. Let f = -91 - c. List the prime factors of f.
2
Let u = -31 - -38. Let p = u - -26. Suppose 5*w + p = f, 4*f - w - 81 = 2*w. List the prime factors of f.
2, 3
What are the prime factors of (216 - 8) + -7 + -1?
2, 5
Suppose -4*h + 3*v = -h - 186, 0 = -3*v + 12. List the prime factors of (h/(-88) - (-4967)/20)*5.
2, 619
Let u(m) = -m**3 + 35*m**2 - 60*m + 74. Let y be u(33). Suppose 271*s = y*s - 1023. What are the prime factors of s?
3, 11, 31
Let t(s) = 7*s**2 + 27*s + 77. Suppose -1 + 183 = -26*h. List the prime factors of t(h).
3, 7, 11
Let p = -42306 + 59351. List the prime factors of p.
5, 7, 487
Let o(p) = p**3 + 12*p**2 - 9*p - 11. Let q(b) = -b**3 - 4*b**2 + 8*b + 5. Let u be q(-5). Let f be o(u). Let i = f + -159. List the prime factors of i.
2, 3, 5
Let v(z) = -z**3 + 45*z**2 - 43*z + 15. What are the prime factors of v(19)?
2, 29, 37
Suppose 8 = k + 7. What are the prime factors of k/4*2 + 9541/94?
2, 3, 17
List the prime factors of -1 + 6 + ((-12)/9 - 327607/(-21)).
2, 47, 83
Let o be (-1900)/(-38)*(-42)/5. What are the prime factors of (-170450)/o - (1 + 7/(-6))?
2, 7, 29
Let w be 2 + (-6 - -3 - -5). Let j(g) = 35*g - 19. Let s be j(w). Suppose o = -t + s, -5*o + 6*o = 5*t - 605. What are the prime factors of t?
11
Suppose -4*o - 20 = 0, -16*o + 335 = 2*h - 19*o. What are the prime factors of h?
2, 5
Let i(d) = -d**3 + 5*d**2 - 3*d + 4. Let k be i(3). Let s(x) = -51*x + 18*x + 11*x - 19 + k*x. List the prime factors of s(-9).
2, 31
Suppose -2*v + 6 = 0, -23*a + 24*a + 14 = 5*v. List the prime factors of -392*(368/(-64) + a + 2).
2, 7, 11
Let h = 22 + -70. Let m = h - -49. What are the prime factors of (-1)/(m/69*-3)?
23
Let n(s) = s**2 - 2*s - 7. Let t be n(-2). Let b = t - -115. List the prime factors of b.
2, 29
Suppose 2*r + 95 = b, 264 = -3*b + 6*b + r. List the prime factors of b.
89
Let j be 8 - 11/(66/48). Suppose -3*u + 20*u - 11798 = j. What are the prime factors of u?
2, 347
Suppose n = 2*y + 1 + 7, 0 = -5*n + 4*y + 22. Suppose k = n*k + 10. List the prime factors of 1 - -103 - (14 + k).
2, 5
Let q be (-389)/(-5) + (-16)/(-80). Suppose r - q - 223 = 0. What are the prime factors of r?
7, 43
Let u(t) = t**3 + 3*t**2 - 20*t + 1. Let s be u(8). Let d = s - 144. List the prime factors of d.
401
Let v be (-4